h(c) = c**2 + 11*c - 13. Suppose 25 = 4*i + 73. Let d be h(i). What is the units digit of d - 3 - 0 - -11?
7
Suppose -7*z + 4*z = -507. Let m = -120 + z. What is the units digit of m?
9
Let v(a) = 2*a**2 - a - 2. Let z be v(3). Suppose z*p + 15*p = 31780. What is the tens digit of p?
3
Let u(m) = 21*m - 9. Let j be u(3). Suppose -2*p + j = 32. What is the units digit of p?
1
Suppose 653*g - 8040 = 643*g. What is the hundreds digit of g?
8
Let l(t) = 4*t - 11. Let s = 62 - 51. Let y be l(s). Suppose -12 = j - y. What is the tens digit of j?
2
Let p = 10 - 6. Suppose -6*a = -4*a - 1547 + 17. Suppose -a = -5*t + 2*y - 5*y, p*t = -5*y + 625. What is the units digit of t?
0
Let n be 6/(-21) + (-6)/(-21). Suppose 12*l + 227 + 265 = n. Let f = 64 + l. What is the units digit of f?
3
Let z = 36 + -21. Suppose 1006*y = 990*y + 240. What is the hundreds digit of (-2)/y + 3797/z?
2
Let l(b) be the second derivative of b**5/20 + b**4/4 - b**3 - 5*b**2/2 + 3*b - 11. What is the tens digit of l(5)?
6
Let g be (-8)/44 + 155/(-55) - -311. Suppose -6*m - g = -2312. What is the units digit of m?
4
Let a = 246 + -601. Let y = 781 - a. What is the thousands digit of y?
1
Suppose 0 = 179*o - 121*o - 235306. What is the units digit of o?
7
Suppose 5*f + 1206104 - 4442184 = -71*f. What is the hundreds digit of f?
5
Suppose 22*r - 391833 = 15*r - 6*r. What is the ten thousands digit of r?
3
Let c be 8/((2/10)/(14/(-35))). Let o be 1/((-6)/c)*(-516)/(-8). Suppose -3*l + 98 = -o. What is the units digit of l?
0
Let y(m) = m**3 - 3*m - 16. Let x be y(5). Suppose 2*h - x = 68. What is the units digit of h?
1
Let l be 1265/(-15) + (-1*2)/(-6). Let g = -78 - l. What is the tens digit of 170/15 - (-4)/g?
1
Let w(t) = -28*t**3 - 2*t**2 + 3*t + 2. Let z be 209/(-133) - (-6)/(-14). What is the units digit of w(z)?
2
Suppose 74*o - 64*o = 14560. Suppose -d = 267 - o. What is the units digit of d?
9
Let i = 179 + 4223. Suppose u + i = 4*u + 2*a, 0 = 3*u - 4*a - 4390. What is the thousands digit of u?
1
Suppose -201*j = -478*j + 8083137. What is the ten thousands digit of j?
2
Let q = 13862 + -8190. What is the hundreds digit of q?
6
Let c = -12104 - -14797. What is the thousands digit of c?
2
Let h(m) = -8*m**3 - 5*m**2 + 34*m + 10. Let t(y) = 7*y**3 + 4*y**2 - 35*y - 10. Let l(z) = -6*h(z) - 7*t(z). What is the tens digit of l(-9)?
3
Let d = 25951 + -1356. What is the units digit of d?
5
Let b(w) = -374*w + 3177. What is the tens digit of b(8)?
8
Suppose 293518 - 48679 + 57639 = 33*v. What is the units digit of v?
6
Let v = 36501 - -4155. What is the hundreds digit of v?
6
Suppose 3*t - 3 = 0, -4*t + 32916 + 49678 = -5*x. What is the hundreds digit of x/(-27) + 4/18?
6
Let h(x) be the third derivative of -5*x**4/12 + 47*x**3/6 + 74*x**2. Let z be 138/(-7) + 6/(-21). What is the units digit of h(z)?
7
What is the hundreds digit of ((-36)/8)/(-9) - (-110)/(-20) - -8372?
3
Let w(m) = -2*m + 702. Let o be w(0). Suppose 4*a = -2*a + o. What is the tens digit of 6*3/12 + a/2?
6
Let s(f) = 7*f**3 - 245*f**2 + 33*f + 78. What is the thousands digit of s(35)?
1
Suppose 10*a + 2*h - 179719 = 5*a, 4*h - 71878 = -2*a. What is the units digit of a?
5
Suppose -54*i + 120043 - 24031 = 0. What is the units digit of i?
8
Let r be 144/63 + 1*(-2)/7. Let z(p) = 21*p**3 + 2*p**2 - 5*p + 4. Let h be z(r). Let l = 290 - h. What is the units digit of l?
0
Suppose 3*d - 10 = -31. Let t(f) = -359*f - 555. What is the tens digit of t(d)?
5
Suppose 169*w = -401410 + 3663786. What is the thousands digit of w?
9
Suppose 530556 - 3066265 = -61*g. What is the units digit of g?
9
Let o(t) = -5*t - 2. Let i be o(-1). Suppose 4*b + x - 4*x + 58 = 0, i*x + 54 = -3*b. What is the tens digit of (-4)/b + 119/4?
3
Let u be 2/((1/5)/(18/(-10))). Let l = u - -152. What is the tens digit of l?
3
Let n be (44/(-5) + 7)/((-3)/20). Suppose -24 = -12*d + n. Suppose 0 = c - d*p - 107, -4*c + 181 = -p - 269. What is the units digit of c?
3
Let x(d) = -d**3 + 28*d**2 - 37*d + 69. Let c be x(27). Suppose -4*t - 1484 = -0*t. Let g = c - t. What is the tens digit of g?
7
Let o(p) = -p**2 - 20. Let m(q) = q**2 - 4*q - 4. Let i be m(4). Let f be o(i). What is the units digit of (-9)/(f/(-16)) - -81?
7
Let g(m) = -4*m + 66. Let d be g(0). Suppose -540 = -n + 2*l + d, -1848 = -3*n - 4*l. Let p = -361 + n. What is the tens digit of p?
5
What is the thousands digit of ((-41)/((-574)/(-3024)))/((-2)/244*4)?
6
Let m be (-5)/((-5)/1278)*15/10. Suppose 3*b - 1254 = m. What is the tens digit of b?
5
Suppose 2*g - 9 = 3*m, -3*g + m - 4*m = -6. Suppose -g*y + 5 + 4 = 0. Suppose -y*t - 37 = -604. What is the tens digit of t?
8
Let d(t) = -5*t**3 - 13*t**2 + 5*t + 5. Let n be d(-3). Let i(u) = 48*u + 19. What is the tens digit of i(n)?
0
Let n = 202 + -194. Suppose -13*w + n*w = -h + 1317, -w = 4*h - 5352. What is the units digit of h?
7
Suppose 0 = 62*w + 49*w - 114*w + 29958. What is the units digit of w?
6
Suppose 111*p - 106*p = 30. Let d(r) be the second derivative of 5*r**4/12 - r**3/2 + 18*r**2 - 20*r. What is the tens digit of d(p)?
9
Let d = 1024 + -604. Suppose 22*f - 27*f + d = -5*g, -3*g - 340 = -4*f. What is the units digit of f?
8
Suppose -53*b = -4*w - 55*b + 51614, 3*w - 38718 = -4*b. What is the tens digit of w?
0
Let g(o) be the third derivative of -o**6/120 + o**5/6 + 11*o**4/24 + 47*o**3/6 - 69*o**2. What is the units digit of g(11)?
7
Let z(b) = b**2 + 3*b + 6. Let q be z(-4). Suppose g + 4*f + q = 0, 38 - 2 = 4*g - 3*f. Suppose -g*y + 71 + 61 = 0. What is the tens digit of y?
2
Let v be 26 + 4682 - (3 - (0 - 1)). Suppose 7*i - 3*i - v = 0. Suppose 9*h = i - 141. What is the tens digit of h?
1
Let w(s) = -s - 2. Let j be w(3). Let i = j - -7. Suppose -6*r + 336 = -i*r. What is the units digit of r?
4
Let c(u) = -u**3 + 65*u + 8. Let x be c(-8). Suppose x = 7*a - 6804 + 1582. What is the tens digit of a?
4
Let v be (2 + -1)/((-1)/(0 - 11)). Let o(r) = r**2 - 13. Let h be o(v). Suppose 2*u = 36 + h. What is the units digit of u?
2
Suppose 2*b - 4*m = 14 + 6, 4*m + 20 = -3*b. Suppose b = -5*d - 7*d + 2436. What is the hundreds digit of (-84)/(-49)*d/2?
1
Let r = -21683 + 75398. What is the units digit of r?
5
Suppose -18*m - 1106 + 152 = 0. Let p = 83 + m. What is the tens digit of p?
3
Let z be (-42)/63 - (-16)/6. Let k(x) = 14*x + 5*x**2 - 4*x**z - 11 - x - 2*x**2. What is the units digit of k(10)?
9
Suppose -2*c = -4*c - 12. Let n(f) = -f**3 - f**2 + 1. Let p(k) = -4*k**3 + 2*k**2 - 3*k + 1. Let y(v) = -5*n(v) + p(v). What is the units digit of y(c)?
0
Let c(w) = 4*w + 44. Let p = -37 + 23. Let r be -1*122/18 + p/63. What is the tens digit of c(r)?
1
Let g(j) = -5*j**3 + j**2 + 26*j + 289. What is the units digit of g(-7)?
1
Suppose -t - 4*h = -11069, -h = -150 + 153. What is the thousands digit of t?
1
Suppose -53*l + 94830 = -46203. What is the thousands digit of l?
2
Let o = 33266 + -15043. What is the ten thousands digit of o?
1
What is the tens digit of (-3)/15*-3 - (-3642)/5*6?
7
Let p be ((-7)/((-35)/3545))/(-1 - -2). Suppose 5*b - 2 = 3*b, -2*b = -3*j + p. What is the hundreds digit of j?
2
Let x be ((-5)/(-1))/((-1)/(-1)). Let v(s) = -s**3 - 11*s**2 - 11*s - 10. Let h be v(-11). Suppose -x*u - 21 = -h. What is the tens digit of u?
1
Let k = 150 + -126. Let g = k - -266. What is the hundreds digit of g?
2
Let u(z) = -z**3 - 5*z**2 - 10*z - 8. Let k be u(-6). Suppose -29*n - 23*n = -10140. Let c = n - k. What is the hundreds digit of c?
1
Suppose 5*y - 132994 + 23526 = -f, -87572 = -4*y - 2*f. What is the tens digit of y?
9
Suppose 0 = 6*k - 51*k. Suppose k*x + 2*x - 2249 = f, 3*x = -3*f + 3387. What is the tens digit of x?
2
Suppose -7*k + 1573 = 145. Let i be (-5)/((-20)/k) - -2. Let g = i - 14. What is the tens digit of g?
3
Suppose 3*a + 2438 = 2*j - 3*j, -20 = -5*j. Let n = -21 - a. What is the tens digit of n?
9
Let x(g) = 3 - 67*g**2 - 50*g**2 + 5*g + 142*g**2. What is the tens digit of x(-4)?
8
Let b = 15103 + -10447. What is the hundreds digit of b?
6
Let y be (-1187)/(4*(-1)/116). Suppose 28*r - y = -r. What is the hundreds digit of r?
1
Let q = -53 + 110. Suppose -54 = -m - m - 4*g, g - q = -2*m. Let p = m + -22. What is the units digit of p?
7
Let g(l) = -22*l**2 + 133*l + 5. Let y = 705 + -699. Wha